units digit of n?
2
Let q = 3 - -4. Suppose -q = -4*v + 5. Suppose 6*l - 3 = v*l. What is the units digit of l?
1
Let r(t) = -t**3 + 6*t**2 + t - 3. Let y be r(6). Suppose -4*p + 2*a + 74 = -58, -a - 98 = -y*p. What is the units digit of p?
2
Let r(j) be the third derivative of -j**6/10 - j**4/24 - j**2. What is the tens digit of r(-1)?
1
Let c = 6 - -2. Let m = 17 - c. What is the units digit of m?
9
Let v = 285 + -164. What is the hundreds digit of v?
1
Suppose 0 = c + 4*c + 35. Suppose -9 = 3*n, -4*n - 20 = 2*f - 0*n. Let z = f - c. What is the units digit of z?
3
Suppose -2*b = -0*b - 6. Let x(w) = 2*w**2 - 3*w - 1. What is the units digit of x(b)?
8
Let x = -18 + 24. What is the units digit of x?
6
Let d be 3/6*2*5. Suppose 2*k = -4, 0 = 4*u - d*k - 18 - 20. What is the units digit of u?
7
Suppose 5*c = 106 + 294. What is the units digit of c?
0
Let p(a) = 37*a + 23. What is the hundreds digit of p(5)?
2
What is the units digit of (-1)/(-3)*(80 - 17)?
1
Suppose -3*r = -0 - 9. Suppose 0*v = 3*v - r. What is the units digit of v?
1
What is the hundreds digit of 128/(6/(-72)*-4)?
3
Suppose -255 = -5*p - 7*z + 2*z, 4*p = 3*z + 218. What is the tens digit of p?
5
Let d(g) = -3*g**3 - 6*g**2 - 9*g - 4. What is the tens digit of d(-3)?
5
Let v(c) = 12 - c - 13 - c**2 - 3*c**2 + 5*c**2. Let a be v(0). What is the tens digit of -1*13*(a + 0)?
1
Let z(h) = h**2 - 6*h + 1. Let d be z(5). Let m be d/(-22) - (-60)/33. Suppose m = t + 1. What is the units digit of t?
1
Let q(c) = c**3 + 4*c**2 + c. Let w be 65/4 - 4/16. Suppose -4*r + 3*m = -m + w, -m = 3*r + 4. What is the units digit of q(r)?
6
Suppose -3*g = -2*u + 9, 29 = -3*u - 2*g - 2*g. Let b be u/(-3) - (1 + -2). Suppose -h - w = -b*h + 1, 12 = 4*h + 4*w. What is the units digit of h?
2
Suppose 136 = 4*w + h, 3*w - 3*h + 4*h - 103 = 0. What is the units digit of w?
3
Suppose -4*a + 721 = -3*t, -a + 0*t = 4*t - 166. What is the hundreds digit of a?
1
Let d be 119/3 + (-10)/(-30). Suppose 0 = c - 2*j - 33, -7 = c + 3*j - d. What is the units digit of c?
3
Let c = -25 + 13. Let v be (-9)/c*(-2 + 18). What is the units digit of -10*(-2 + v/10)?
8
Suppose 4*l - 3*w = 112, 4*l + 3*w = -0*w + 112. What is the tens digit of l?
2
Let s be (2/(-1))/(1 + 0). What is the units digit of 194/22 - s/11?
9
Let n be -2 - 10/((-6)/3). Suppose n - 8 = -r. Suppose -3*k + 8 + 7 = 0, r*x = 2*k. What is the units digit of x?
2
Let d(v) = 4*v - 2. Let o(l) = -1 - 30*l - 2 + 36*l. Let k(n) = -7*d(n) + 5*o(n). What is the units digit of k(6)?
1
Suppose x = 1, 3*x = 2*r + 4*x - 111. Let h = 100 - r. What is the tens digit of h?
4
Let v(z) = -4*z**2 - 11*z - 16. Let w(n) = -5*n**2 - 10*n - 16. Let k(o) = 4*v(o) - 3*w(o). What is the units digit of k(-11)?
7
Let h(w) = -w**2 + w + 1. Let a be h(0). Suppose -3*s - 2 = a. What is the units digit of (-1)/(3/3*s)?
1
Suppose y + 0*y - 9 = 0. Let j = -5 + 9. Let z = y - j. What is the units digit of z?
5
Let l(f) = f**2 - 2*f + 2. What is the units digit of l(9)?
5
Suppose -3*a + l = -0*a - 7, 4*l = 3*a - 10. Let o(b) = -4*b + 2. Let p be o(a). Let f(q) = -q**3 - 6*q**2 + q + 7. What is the units digit of f(p)?
1
Suppose -737 = -19*x + 1277. What is the tens digit of x?
0
Let x(n) = n. Let k be x(5). Suppose -k*t = -3 - 77. What is the units digit of t?
6
Suppose -2*c + 124 = 2. What is the units digit of c?
1
Suppose 9*c = 6*c + 99. What is the units digit of c?
3
Suppose -4*q - 563 = -107. What is the tens digit of (2/3)/((-4)/q)?
1
Let q(o) = 10*o - 19. What is the units digit of q(11)?
1
Let q(h) = h**2 - 11*h - 20. What is the tens digit of q(17)?
8
Let v(p) = p**3 - p**2. Let o be v(1). Suppose -2 = -l - o*l. What is the units digit of l?
2
Let y = -8 + 12. Suppose y*c - 3*s = 6 + 1, -c + s + 2 = 0. Let a = c + 1. What is the units digit of a?
2
Suppose 1218 = -159*t + 162*t. What is the hundreds digit of t?
4
Let k = 73 + -64. What is the units digit of k?
9
Let z = 2 + -6. Let j(r) = r**2 - 13. Let m be j(4). Let c = m - z. What is the units digit of c?
7
Let p(a) = -a**2 + a + 18. Let i be p(0). Suppose i + 12 = 2*h. What is the tens digit of 6/(-3) + (h - 2)?
1
Let z = -18 - -11. What is the tens digit of 3 - (z - -1)*2?
1
Let f be 5 + (-2)/((-2)/3). Suppose 2*g = f + 22. What is the units digit of g?
5
What is the units digit of (-2)/11 - (-5789)/77?
5
Suppose 14*g = -934 + 2964. What is the units digit of g?
5
Suppose 2*p + p - 12 = 0. Suppose 0 = -5*r + 5*y + 9 + 6, p*y + 14 = 5*r. Suppose -2*q + r*l = -0*q - 16, 4*q = l + 44. What is the tens digit of q?
1
Let u(w) = 5*w - 49. What is the units digit of u(15)?
6
Let t be (-58)/7 - 4/(-14). Let j = t + 11. Suppose 0*w = -5*a - j*w + 24, -a + 4*w = 9. What is the units digit of a?
3
Let h(l) = 38*l + 109. What is the units digit of h(6)?
7
Suppose -86 = -3*u + s, 3*s = 3*u - 33 - 63. What is the tens digit of u?
2
Let y(t) = -t**2 + 3*t + 1. What is the units digit of y(3)?
1
Suppose 64 = 4*u - 5*n, u + 16 = 2*u - 2*n. Let g(m) = -m**3 + 9*m**2 + 8*m + 11. Let x be g(10). Let c = u + x. What is the units digit of c?
7
Let k(j) = -2*j. Let p be k(-1). What is the tens digit of 64/6 - p/(-6)?
1
What is the units digit of (-9)/((-45)/2) - 2826/(-10)?
3
Let l(c) = 2*c**3 - 3*c**2 - c + 3. Let j(m) = -2*m - 10. Let x be j(-6). What is the units digit of l(x)?
5
Let m(r) = -5*r**2 - r - 3. Let w(b) = 6*b**2 + b + 2. Let i(j) = 4*m(j) + 5*w(j). What is the units digit of i(-2)?
6
Suppose -2*m - 1 = 15. What is the units digit of (-2)/m + (-3)/(-4)?
1
Let f(w) = w - 9. Let t be f(11). Suppose -32 = -t*i + 5*b, 4*b = -4*i + 95 + 25. What is the units digit of i?
6
Suppose j = -4*j + 20. Let q = j - 1. Suppose 2*s - 11 = -q. What is the units digit of s?
4
Suppose 0*o = 2*o - 4. What is the tens digit of 4/o - 2 - -34?
3
Let z = 0 + 4. Suppose 0*a - p = z*a - 13, p + 11 = 2*a. What is the tens digit of a/(-6) - (-38)/3?
1
Let t be (3 - 0) + (244 - 0). What is the units digit of t/13 + (-3)/(-1)?
2
Let h = 26 + -18. What is the units digit of h?
8
Suppose o - 5 + 4 = 0. Let u be o + 2 - 2/(-1). What is the units digit of (-6)/15 - (-27)/u?
5
Suppose -2*h = -4*h + 20. Let l be 4/2 - h - -2. What is the units digit of l/9 - 58/(-6)?
9
Let j = -361 + 505. What is the hundreds digit of j?
1
Suppose 2*y = -214 + 10. What is the tens digit of ((-4)/(-6))/((-4)/y)?
1
Let m = -11 - -462. What is the hundreds digit of m?
4
Let i be ((-38)/(-8))/((-1)/4). Suppose 2*o + 0 = -6. What is the units digit of (-4)/(-6) + i/o?
7
Let p = 28 + -23. What is the units digit of p?
5
Suppose 3*o = 4*o. Let j = 7 + -4. Suppose -j*g = -2*m + 33, -m - 3*m - 3*g + 21 = o. What is the units digit of m?
9
Let q(k) = -k**3 + 11 + 19*k**2 + 6 - 2 - 5*k**2. What is the tens digit of q(14)?
1
Suppose 4 = t, -3*m = -t - 13 + 2. Suppose 2*c - 2*u - 1 + 13 = 0, -3*c - 20 = -m*u. Let z(o) = -o**2 - 6*o - 1. What is the units digit of z(c)?
4
Suppose 5*n + 13 = -2*a, -a - 11 = 5*n + 3. Let u = 8 - a. What is the units digit of u?
7
Suppose 12*z - 7*z - 545 = 0. What is the hundreds digit of z?
1
Let y = -10 + 9. What is the units digit of (7 - 0) + 1/y?
6
Let y be (-6)/3 + (-42)/(-2). Let v be (-20)/8*(-192)/15. Let g = v - y. What is the units digit of g?
3
Suppose 3 = l - 2. Suppose 2*t - l*k + 17 - 42 = 0, -46 = -5*t - 4*k. What is the tens digit of t?
1
Let j be 1/2 - (-27)/6. Suppose -j*y + 126 = -2*y. Suppose -v + y = 3*u + 2*v, 12 = u - v. What is the units digit of u?
3
Let y(d) = d**2 + 7*d + 7. Let l be y(-7). Suppose -m = -l + 1. What is the units digit of m?
6
Let l = -77 + 117. Suppose -3*n + n + l = 0. Let h = 33 - n. What is the tens digit of h?
1
Let g be (1/(-2))/(8/16). What is the tens digit of (-19)/2*(g + -1)?
1
Suppose -7 = w - 1. Let g = -2 - w. Suppose g*j - 11 = -3, 5*q - 9 = 3*j. What is the units digit of q?
3
Suppose 17 - 98 = -u. What is the units digit of u?
1
Let h(w) = w**3 + 8*w**2 - 9*w + 1. Let o be h(-9). What is the units digit of o/(1/(-5)*-1)?
5
Let l = 15 + -4. Suppose 4*q + 8 = -u, 0 = 3*u - 5*u + q + l. What is the units digit of u?
4
Let i(s) be the third derivative of -s**5/60 - 3*s**4/8 - 2*s**3/3 + 2*s**2. What is the tens digit of i(-6)?
1
Let v(h) = -2 + 2*h**2 + 3*h**3 - 2*h + 0*h**2 - 2*h**3. Let g be v(-2). Le